t m(o) = -3*o + 6. What is m(w)?
-6
Let k(b) = b - 4. Let z be k(7). Suppose 3*s - 16 = 2*a, -z*s - 5*a = -2*a + 9. Let i(f) = -2*f**3 + 2*f**2 - f + 2. Determine i(s).
-8
Let y(g) = g**3 - 2*g**2 - 3*g - 1. Let a be y(3). Let b(p) = 7*p. Suppose -4*s = -9*s - 15. Let f(q) = -7*q. Let w(i) = s*f(i) - 4*b(i). Give w(a).
7
Suppose -l = 4*l + 5. Let i(c) = 3*c**3 + 1. Let z be i(l). Let h(w) be the second derivative of 5*w**3/6 + 3*w**2/2 + 2*w. What is h(z)?
-7
Let f(u) = -u**3 + 4*u**2 + u + 7. Let y(z) = z + 24. Let a be y(-19). Calculate f(a).
-13
Let c(z) = -z**2 - 4*z - 1. Let l be c(-3). Suppose -l = 2*n - 50. Suppose 4*o + 5*g - 3 = -12, n = o - 4*g. Let y(a) = -a**3 + 3*a**2 + a + 4. What is y(o)?
-8
Let i(f) = -f + f**3 - 4*f**2 - 3*f + f**2 + 3. Let x be i(4). Let k(o) = x + 2*o + 2*o + 0*o. What is k(-2)?
-5
Let j(s) = -7*s**2 + 7*s - 6. Let l(h) = 6*h**2 - 7*h + 6. Let w(k) = 5*j(k) + 6*l(k). Give w(6).
0
Let l(d) = -6*d**3 + d. Let r = 0 + -3. Let x(f) = -f - 4. Let u be x(r). Determine l(u).
5
Let u(c) = 7 + 5 - 17 + 7 - c. Give u(-4).
6
Let z(y) = 2*y**2 - 3*y - 10*y**2 + y**3 + 6*y**2 - 1. Suppose -o + 0*o - 3 = v, 0 = -v - 4*o - 6. What is z(v)?
-11
Let g(m) = -3*m**2 + 9*m. Let i(c) = -2*c**2 + 8*c + 1. Let l(o) = -3*g(o) + 4*i(o). Calculate l(-4).
0
Let i(g) = -2*g + 2. Let t be (0 + -4)*(5 + -4). Determine i(t).
10
Let t(k) = k**3 + 6*k**2 + 6*k + 7. Let w be t(-5). Suppose w*u - q - 12 = 0, u = 3*q + 7 + 9. Let c(i) = -i**3 + 4*i**2 + 2*i - 3. Calculate c(u).
5
Let w(l) be the second derivative of -1/6*l**3 + l + 0 + 1/2*l**2. Let u = -10 - -7. What is w(u)?
4
Let z = 25 + -22. Let i(j) be the third derivative of -j**5/60 + j**4/24 - j**3/6 - 3*j**2. Calculate i(z).
-7
Let i be 4/(-6)*(-27)/6. Let r(n) = 3 + 2 - 3 + i*n. Determine r(-3).
-7
Suppose 0 = -0*d - 2*d + 8. Suppose d*f + f - 25 = 0. Let o(k) = 0 - f - k + 4 + 0*k. Determine o(-1).
0
Let d(r) = -2*r + 4. Let x(j) = -j + 2. Let z(p) = 3*d(p) - 5*x(p). Suppose -1 = 2*f - 5. Suppose 5*l = 15, f*l - 7 = -3*s + 5. Determine z(s).
0
Let g(k) be the third derivative of -k**4/24 - k**2. Let d be g(-2). Let r(j) be the third derivative of j**5/30 - j**4/8 + j**3/2 - 15*j**2. Give r(d).
5
Let z(l) be the first derivative of -l**3/3 - 9*l**2/2 + 3*l - 40. Determine z(-10).
-7
Suppose 3*s - 12 = -s. Let t(m) = -3*m + 2. Let f(a) = 6*a - 4. Let z(x) = s*f(x) + 5*t(x). Calculate z(2).
4
Let x(t) = t**2 - t + 2. Let f(p) = p + 15. Let u be f(-17). Determine x(u).
8
Suppose x + 4 = 3. Let o(q) = 4*q - 1. Let n be o(x). Let w(c) = c - 1. Determine w(n).
-6
Let x be (-2 - -4)*-2*1. Let h be -1 + (x - (-2 + -4)). Let v(a) be the third derivative of -a**6/15 - a**5/60 + a**2. Determine v(h).
-9
Let f(y) = y**3 - 7*y**2 - 5*y - 21. Let p be f(8). Let z(n) = n**2 + n - 4. What is z(p)?
8
Let f(o) = 3*o**3 + 0*o**2 - 4 + 2 + 5*o - 9*o**2 - 4*o. Let z(j) = -j**3 + j**2 + j. Let h(q) = f(q) + 4*z(q). Determine h(-6).
4
Suppose -2 = -2*j - 12. Let k be 9 + 0 + -1 + -2. Let n(s) = 3*s - 3 - 3 - s + s**3 + k*s**2. Give n(j).
9
Let i = -1 + -2. Let p(y) be the first derivative of y**3/3 - y**2 - 3*y + 1. Determine p(i).
12
Let i(n) = n**3 + 2*n**2 + n - 1. Let t(j) = j**2 + 7*j - 2. Let w = 10 - -2. Let g = 5 - w. Let x be t(g). Determine i(x).
-3
Let l(n) = 2 + 3 + n - 2*n + 3. Determine l(5).
3
Let q(g) = -2*g**2 - 5*g - 4. Let d(i) = 3*i**2 + 14*i - 8. Let k be d(-5). Determine q(k).
-7
Let t be (-80)/(-13) - 18/117. Let b(i) = -9 - 15 - 7 + i + 25. Give b(t).
0
Suppose -4*z + 9 = -z. Let h be (-2)/2 + 3*1. Let d(m) = 0*m**h - m**3 - 2*m**2 - z*m**2 - 4*m. Determine d(-4).
0
Let s = 10 - 17. Let l(a) = a**3 + 6*a**2 - 5*a + 9. Calculate l(s).
-5
Let w(d) = -8*d**3 + 6*d**2 - 8*d - 9. Let g(c) = -7*c**3 + 5*c**2 - 7*c - 8. Let i(x) = 7*g(x) - 6*w(x). Determine i(-2).
4
Let w be 0*(-5 - -5 - -1*1). Let n(f) be the third derivative of w*f - 1/24*f**4 - 3*f**2 + 1/6*f**3 + 0. Give n(-1).
2
Let g be (-2 + 21/6)*-2. Let k(h) = 3*h + 4. Calculate k(g).
-5
Let d(j) = -2*j + 8. Let y(g) = g - 7. Let v(b) = 2*d(b) + 3*y(b). Give v(0).
-5
Let v(r) = -r - 10. Suppose -4*u + 40 = -c, 4*c - 65 = -5*u + 9*c. Let o = u + -14. Determine v(o).
-5
Let y(h) be the third derivative of -h**7/5040 + h**6/360 + h**5/30 + 5*h**2. Let l(z) be the third derivative of y(z). Determine l(6).
-4
Let a(k) be the first derivative of k**4/4 - k**3 - k**2 - 3*k - 2. Let p = -8 - -12. Determine a(p).
5
Let k be (-2)/(-7) - (-104)/28. Let p(z) = -z. Let t(i) = -i**3 + 4*i**2 + 3*i + 4. Let r(f) = k*p(f) + t(f). Let q be (1 - -1) + 0 - -2. Determine r(q).
0
Let o(n) = 5*n. Suppose -4*s + 21 = -3*r - 2*r, 0 = s - 4*r + 3. Let y = -4 + s. Suppose -b - 7 = -2*b + 2*t, 4*b = -y*t - 11. Give o(b).
5
Let q be 0/2 + 1*4. Let p(n) = -2*n + 4. Let c be p(q). Let o(w) = 4 - 1 - 16*w + 15*w. Give o(c).
7
Let k(r) = -r - 5. Let y be k(-9). Let o(p) = -p + 4. Let f be o(y). Let a(l) = l**2 - 6. What is a(f)?
-6
Let i = -5 + -6. Let v(k) = -5*k + 35. Let o(j) = -j + 7. Let b(m) = i*o(m) + 2*v(m). What is b(4)?
-3
Let i be -3 + (3 - (5 - 1)). Let q(z) = z**3 + 2*z**2 - 4*z + 2. Determine q(i).
-14
Let u be (-3 + 7)*1/2. Suppose 2 = 12*j - 11*j. Let m(x) = -3 + 2*x**j - 5*x + x**u - x + 0 + x**3. What is m(-4)?
5
Let s(d) be the first derivative of -d**4/4 + 4*d**3/3 + 7*d**2/2 - 5*d - 7. Calculate s(5).
5
Let q be 10/6 - 1/(-3). Let b(u) = 0*u - u**2 + 4 - u**3 + u - q*u**2. Let w be -2 - (-1 - -2)*1. Calculate b(w).
1
Suppose -3*v = -4*c + 26, 4*c + 2*v + 5 = 21. Let u(z) = -z**3 + 4*z**2 + 3*z - 4. Calculate u(c).
-14
Let f(b) = -5*b**2. Let i(z) = 5*z. Let r = -10 + 11. Let k be i(r). Let x = 4 - k. Calculate f(x).
-5
Let b(s) = -s + 12. Let r be b(10). Suppose 4 - 7 = -2*d + p, 3*d = -r*p + 22. Let a(j) = -1 - 4*j + 4*j - d*j. Calculate a(-1).
3
Let g(x) = 6*x**2 + 5*x + 3. Let b(k) = 7*k**2 + 6*k + 3. Let z(q) = 3*b(q) - 4*g(q). What is z(-2)?
-11
Let x be -4 - (-6)/(5 + -3). Let l(u) be the first derivative of -u**4/4 - u**2/2 - u + 3. Let g(d) be the first derivative of l(d). Give g(x).
-4
Let k(v) = 3*v. Let f(p) = -p**3 + 8*p**2 + 9*p - 2. Let y be f(9). Determine k(y).
-6
Let i(k) be the third derivative of k**6/120 - k**5/20 - k**4/12 - 2*k**3/3 + 4*k**2. Give i(3).
-10
Suppose -w - 2*w + 3*l = -15, 0 = w - 4*l - 8. Let o(a) = w*a - 1 + 3 - 3 + 5. Calculate o(-3).
-8
Let a(f) = -f - 8. Let p = -2 - -3. Let m(s) = 0 + p - 4*s**3 + 3*s**3 - 6*s + 2*s**3 - 4*s**2. Let u be m(5). Give a(u).
-4
Let a(p) = 0*p**3 - 2*p + 0*p + p**2 - p**3 + 6*p**2 - 3. Give a(6).
21
Let h(f) = -f**3 - f**2 - f - 6. Let v be 16/(-20)*(-10)/4. Suppose -3 = 2*x + 2*x + 3*c, v*x - 4*c = 4. Determine h(x).
-6
Suppose -i = 2 + 2. Let f(u) = -4*u - 13. Let z(m) = 5*m + 14. Let q(l) = i*f(l) - 3*z(l). Give q(0).
10
Let h(g) be the second derivative of 1/6*g**4 + g**2 + 1/20*g**5 + 0 - 4*g - 2/3*g**3. What is h(-4)?
-14
Let l = 0 - 5. Let x(p) = -2*p**2 - 1 - 2*p**2 + 3*p**2 - 5*p + 0. Calculate x(l).
-1
Let s(r) = 4*r - 5. Let f(z) = -z**2 + z + 6. Let u be f(0). Let a = u + 4. Let w = a - 6. Determine s(w).
11
Let a(r) = 2*r - 35. Let u(w) = w - 17. Let v = -2 + -4. Let b(f) = v*a(f) + 13*u(f). What is b(5)?
-6
Let s(y) = y - 1. Suppose -5*u - 13 = 22. Let p(w) = 0*w + 6 - w + 2*w. Let q be p(u). Give s(q).
-2
Let b(a) = -a**3 + 4*a**2 - 4*a + 2. Suppose 2*s = -3*s - 5. Let z = s + -24. Let i be 4/(-10) + (-60)/z. Give b(i).
2
Let u = 8 - 3. Let c(n) = 5*n + 5. Let h(x) = 6*x + 6. Let b(k) = 5*c(k) - 4*h(k). Calculate b(u).
6
Let v = -39 + 44. Let l(c) = c**3 - 6*c**2 + 2*c + 7. What is l(v)?
-8
Let g(u) be the first derivative of 7*u**4/4 + 5*u**3/3 - 5*u**2/2 + u + 2. Let i(f) = -6*f**3 - 4*f**2 + 4*f - 1. Let o(k) = -3*g(k) - 4*i(k). What is o(1)?
4
Let w(j) = j**2 + j. Let i(x) = x**3 - 11*x**2 - 12*x + 3. Let r(t) = -i(t) - 5*w(t). What is r(7)?
-3
Suppose 0*d + 4*d = 8. Suppose -u = -3 - 1. Let g(b) = -u + b + 4 - 4. Calculate g(d).
-2
Let k(i) = -2*i - 2. Suppose 4*r - 2*r = -s + 1, -4*s - 4*r = -8. Suppose 5*l - s - 7 = 0. Suppose -l*t - 5 = 3. What is k(t)?
6
Let w(v) = -v**3 + 7*v**2 - 8*v - 1. Let u(p) = -p**3 + 7*p**2 - 9*p. Let m(i) = 2*u(i) - 3*w(i). Determine m(5).
-17
Let l(x) = 3*x**3 - 10*x**2 + 3*x - 11. Let y(v) = v**3 - 3*v**2 + v - 4.